prime factors of 19208163.
3, 13, 67, 7351
List the prime factors of 328369350.
2, 3, 5, 311, 7039
What are the prime factors of 4131497162?
2, 13, 31, 5125927
What are the prime factors of 16992362?
2, 1223, 6947
What are the prime factors of 949638950?
2, 5, 13, 23, 63521
List the prime factors of 232662118.
2, 13, 8948543
List the prime factors of 1452224.
2, 22691
What are the prime factors of 830960984?
2, 7, 1523, 9743
List the prime factors of 99835279.
99835279
What are the prime factors of 19242891?
3, 1319, 1621
What are the prime factors of 90325599?
3, 7, 13, 31, 821
What are the prime factors of 756898369?
307, 2465467
List the prime factors of 573223992.
2, 3, 11, 353, 6151
What are the prime factors of 205554942?
2, 3, 547, 6959
What are the prime factors of 141351067?
11, 13, 41, 24109
What are the prime factors of 455625029?
3583, 127163
What are the prime factors of 259443560?
2, 5, 6486089
What are the prime factors of 1771794068?
2, 11, 229, 175843
What are the prime factors of 1454719964?
2, 113, 509, 6323
What are the prime factors of 617646534?
2, 3, 102941089
List the prime factors of 269002959.
3, 269, 333337
List the prime factors of 2828527.
13, 217579
List the prime factors of 1597578044.
2, 61, 479, 13669
What are the prime factors of 677942199?
3, 11, 101, 67801
List the prime factors of 50248963.
50248963
What are the prime factors of 1731818749?
173, 10010513
What are the prime factors of 25811632?
2, 7, 11, 41, 73
List the prime factors of 12873426.
2, 3, 41, 43, 1217
What are the prime factors of 2019410047?
20521, 98407
What are the prime factors of 91163020?
2, 5, 13, 547, 641
List the prime factors of 201329829.
3, 61, 366721
What are the prime factors of 2696754070?
2, 5, 431, 625697
List the prime factors of 2708652931.
31, 87375901
List the prime factors of 19065863.
19065863
List the prime factors of 2201173109.
29, 41, 137, 13513
What are the prime factors of 841519174?
2, 331, 383, 3319
List the prime factors of 33730130.
2, 5, 7, 19, 3623
List the prime factors of 1354056170.
2, 5, 135405617
What are the prime factors of 16326919?
7, 17, 137201
What are the prime factors of 134397799?
103, 1304833
List the prime factors of 72773227.
101, 720527
What are the prime factors of 2278375?
5, 11, 1657
What are the prime factors of 4707436261?
11, 311, 967, 1423
List the prime factors of 57644663.
29, 68543
List the prime factors of 7467961.
971, 7691
List the prime factors of 68395302.
2, 3, 307, 12377
List the prime factors of 598346588.
2, 7, 21369521
List the prime factors of 40818200.
2, 5, 409, 499
What are the prime factors of 5584997963?
5584997963
What are the prime factors of 148197306?
2, 3, 71, 331, 1051
List the prime factors of 26286696.
2, 3, 331, 1103
List the prime factors of 967634158.
2, 2029, 238451
List the prime factors of 72795410.
2, 5, 7279541
List the prime factors of 180625972.
2, 43, 1050151
What are the prime factors of 2001777874?
2, 15737, 63601
What are the prime factors of 27436042?
2, 569, 24109
What are the prime factors of 305015521?
305015521
List the prime factors of 5561971199.
5561971199
List the prime factors of 80292057.
3, 23, 1163653
List the prime factors of 478807407.
3, 13, 271, 15101
What are the prime factors of 3610821594?
2, 3, 59, 137, 74453
List the prime factors of 903146232.
2, 3, 37631093
List the prime factors of 231496011.
3, 191, 134669
List the prime factors of 2474867686.
2, 19, 65128097
What are the prime factors of 3703430893?
3739, 990487
List the prime factors of 141717174.
2, 3, 59, 400331
List the prime factors of 1800843274.
2, 26153, 34429
What are the prime factors of 795566695?
5, 7, 11, 295201
What are the prime factors of 1810404978?
2, 3, 353, 854771
What are the prime factors of 4758244?
2, 61, 19501
What are the prime factors of 2958688616?
2, 13, 43, 661603
What are the prime factors of 1162160106?
2, 3, 4057, 47743
List the prime factors of 3490948677.
3, 2699, 431141
What are the prime factors of 2530999978?
2, 13, 89, 1093777
List the prime factors of 51428701.
6569, 7829
What are the prime factors of 4642041697?
4642041697
What are the prime factors of 646933687?
5483, 117989
What are the prime factors of 67968238?
2, 13, 2614163
What are the prime factors of 2951018948?
2, 257, 2870641
What are the prime factors of 8264784790?
2, 5, 73, 2963, 3821
What are the prime factors of 152762177?
152762177
List the prime factors of 1901806316.
2, 475451579
What are the prime factors of 1396138758?
2, 3, 7, 33241399
List the prime factors of 8375593.
8375593
What are the prime factors of 179358191?
163, 1100357
List the prime factors of 2002358719.
17, 19, 47, 131899
What are the prime factors of 610353245?
5, 19, 6424771
List the prime factors of 292760677.
11, 26614607
List the prime factors of 1742414922.
2, 3, 109, 296027
What are the prime factors of 353688348?
2, 3, 13, 47, 48239
What are the prime factors of 187106475?
3, 5, 2494753
What are the prime factors of 1311386034?
2, 3, 7, 31223477
List the prime factors of 2890871.
2890871
List the prime factors of 2798109329.
41, 68246569
List the prime factors of 36718085.
5, 7343617
List the prime factors of 334557695.
5, 66911539
What are the prime factors of 29549294?
2, 19, 40927
List the prime factors of 216724393.
19, 311, 36677
List the prime factors of 2094607901.
2094607901
What are the prime factors of 19059871?
83, 229637
What are the prime factors of 27762250?
2, 5, 111049
What are the prime factors of 347870607?
3, 7, 23, 720229
What are the prime factors of 104105464?
2, 109, 277, 431
What are the prime factors of 191279280?
2, 3, 5, 227, 3511
List the prime factors of 57853095.
3, 5, 3856873
What are the prime factors of 45761644?
2, 47, 5179
What are the prime factors of 920504108?
2, 7039, 32693
List the prime factors of 60107124.
2, 3, 7, 11, 9293
List the prime factors of 8631605.
5, 19, 43, 2113
List the prime factors of 288757819.
7, 277, 148921
List the prime factors of 3136489.
283, 11083
List the prime factors of 603528038.
2, 163, 1851313
List the prime factors of 54525210.
2, 3, 5, 1817507
What are the prime factors of 41567432?
2, 5195929
What are the prime factors of 1239191127?
3, 137687903
What are the prime factors of 58963077?
3, 157, 41729
What are the prime factors of 57581721?
3, 47, 197, 691
What are the prime factors of 523062509?
97, 5392397
List the prime factors of 1882861677.
3, 19, 2243, 4909
What are the prime factors of 2623750687?
761, 3447767
What are the prime factors of 4386169425?
3, 5, 11, 5316569
List the prime factors of 605823926.
2, 302911963
List the prime factors of 53008587.
3, 654427
What are the prime factors of 375784906?
2, 7, 26841779
List the prime factors of 34765792.
2, 37, 29363
What are the prime factors of 319273520?
2, 5, 3990919
What are the prime factors of 114952742?
2, 17, 79, 42797
List the prime factors of 1011204396.
2, 3, 19, 1478369
List the prime factors of 97206697.
7, 17, 499, 1637
List the prime factors of 338144746.
2, 169072373
What are the prime factors of 5653739965?
5, 1130747993
List the prime factors of 16085770.
2, 5, 1608577
What are the prime factors of 47891494?
2, 7, 3420821
List the prime factors of 92972451.
3, 11, 13, 216719
What are the prime factors of 2005660838?
2, 73, 13737403
List the prime factors of 58625281.
11, 13, 409967
What are the prime factors of 6141656375?
5, 89, 552059
What are the prime factors of 2698461?
3, 17, 5879
List the prime factors of 593853535.
5, 11, 317, 34061
List the prime factors of 1980479961.
3, 220053329
What are the prime factors of 101458726?
2, 109, 465407
List the prime factors of 34930216.
2, 4366277
What are the prime factors of 5043340319?
3359, 1501441
List the prime factors of 88931889.
3, 9881321
List the prime factors of 25255789.
13, 1942753
What are the prime factors of 805793717?
4099, 196583
What are the prime factors of 90209305?
5, 607, 29723
What are the prime factors of 2437671431?
13, 187513187
What are the prime factors of 958225825?
5, 17, 2254649
What are the prime factors of 448340736?
2, 3, 583777
What are the prime factors of 279483669?
3, 2309, 4483
What are the prime factors of 973489871?
19, 51236309
List the prime fact